. What is the units digit of (-30)/165 + 9794/x?
5
Let k be 1*-1 + (-80)/(-8). Suppose 0 = 3*o + 3*b - 1085 + 104, 3*o = 5*b + 989. Suppose o = -k*n + 1768. What is the hundreds digit of n?
1
Let s = -605 + 637. Let y(c) = c**3 - 31*c**2 - 29*c - 43. What is the tens digit of y(s)?
5
Suppose -4580 - 23536 = -22*c. What is the tens digit of c?
7
Suppose -1 + 4 = r. Suppose -4*b = -20, -h + 8*b = r*b + 3. What is the units digit of h?
2
Suppose 142*s - 1277361 - 100610 = -173243. What is the thousands digit of s?
8
Let g(s) = s**2 + 7*s - 3. Let q = 4 - -20. Suppose -13*p = -16*p - q. What is the units digit of g(p)?
5
Suppose -4*o - 3*n = -62564, -46929 = -5*o + n + 31257. What is the units digit of o?
8
Suppose 2*p + 4*d - 163106 = 0, 148*p = 143*p + 5*d + 407660. What is the ten thousands digit of p?
8
Let w(y) = -6*y**3 - 7*y**2 + 16*y + 13. What is the hundreds digit of w(-10)?
1
Suppose -4*p - 9*p + 1066 = 0. Let r(i) = -91 + 26*i - 3*i + p. What is the units digit of r(6)?
9
Let q = -64492 - -117092. What is the hundreds digit of q/96 - (-4)/48?
5
Let w = -4679 - -5827. What is the thousands digit of w?
1
Let c(q) = -650*q**2 - 61*q + 1310*q**2 + 36 - 652*q**2. What is the hundreds digit of c(15)?
9
Suppose -2*w + 1888 = -3*a - 8852, -w = -3*a - 5373. What is the hundreds digit of w?
3
Let t(u) be the first derivative of u**3/6 + 3*u**2/2 + 4*u - 2. Let b(o) be the first derivative of t(o). What is the tens digit of b(8)?
1
Suppose 44*v - 123552 = -55*v - 77*v. What is the units digit of v?
2
Let n = -136 + -311. Let z be -2 + 0 - (n + 4). Suppose 3*i - z = -4*i. What is the tens digit of i?
6
Suppose 494*f + 10472 = n + 497*f, 0 = -5*f - 25. What is the hundreds digit of n?
4
Let u(s) = s**2 - 6*s - 8. Suppose 5*i = -6 + 131. Let q = -16 + i. What is the tens digit of u(q)?
1
Let y(x) = 4*x. Let o(w) = 155*w - 125. Let r(n) = -o(n) - 2*y(n). What is the units digit of r(-3)?
4
Suppose -y + 28125 = q, 3*q + 0*q - 4*y = 84396. What is the hundreds digit of q?
1
Let s(i) = 14*i**2 - 12*i + 2. Let q be s(-4). Suppose 12*f - q = 13*f. Let j = -126 - f. What is the units digit of j?
8
Suppose 5*j - 16*n = -21*n, j - 5*n - 24 = 0. Suppose -s + 604 = 4*q, 0*s + 2*s + j*q = 1192. What is the tens digit of s?
8
Suppose -7*w - 6813 - 1496 = 0. Let z = w + 1811. What is the hundreds digit of z?
6
Let u be (-9)/21 - 34956/(-28). Suppose -132*r + 135*r - u = 0. What is the units digit of r?
6
Let n be -59 + 53 + (-92)/(-2). What is the hundreds digit of 528/n*(-2070)/(-27)?
0
Suppose -398*c = -206*c + 260*c - 9362728. What is the ten thousands digit of c?
2
Suppose -5*s + t + 46190 = 0, 5*s - 7*t + 8*t = 46200. What is the hundreds digit of s?
2
Suppose 2*f - 24 + 22 = 0, -4*j + 4387 = 3*f. Let c = -374 + j. What is the units digit of c?
2
What is the tens digit of (-3)/(1/(113784/1365400) + -12)?
6
Let g = -13 + 34. Let a be 90/g + 2/21*-3. Suppose 336 = a*r - 0*l - l, 5*l = -20. What is the tens digit of r?
8
Let k(p) = -17*p**3 - 12*p**2 - 3*p - 105. What is the hundreds digit of k(-12)?
5
Let r(b) = 5*b + 52. Let t be r(-10). What is the units digit of 508/(t + (-1 - 0))?
8
Let l = 112 + -105. Suppose -l*z + 664 = -1562. What is the tens digit of z?
1
Let h(m) = 4*m**3 - 25*m**2 + 8*m + 40. What is the units digit of h(8)?
2
Let m(g) = 7*g**2 + 9*g + 1. Let d be m(-8). Let i = -176 + d. What is the hundreds digit of i?
2
Suppose -12*n = -3*n - 189. Suppose n*a = 15*a + 1536. What is the units digit of a?
6
Let n(l) = 455*l - 2522. What is the hundreds digit of n(104)?
7
Let d = -7253 + 12564. Suppose 1633 = 32*v - d. What is the units digit of v?
7
What is the thousands digit of ((-20)/16)/(27/(-133272))?
6
Let j(g) = -15*g - 61. Let r be (5 - 2 - 19) + 5. Let x be j(r). Suppose 0 = c - x - 65. What is the tens digit of c?
6
Let h be ((-5)/20)/((-1)/16). Let p be ((-1)/2)/((-2)/(-4)). What is the tens digit of -2*((-146)/h + p)?
7
What is the hundreds digit of 3986/(-2)*(-4)/(-5)*45/(-18)?
9
Suppose 455*v - 451*v = -32, v + 168362 = 3*w. What is the hundreds digit of w?
1
Suppose -13*d - 1910 = -3*d. Let k = d - -630. What is the units digit of k?
9
Let h(k) = -2*k**3 + 12*k**2 + 17*k + 42. Let y be h(-14). Suppose 9*g = 22*g - y. What is the units digit of g?
8
Let j(a) = -25*a - 20. Let t be j(-1). Suppose -t*y + 14*y - 5724 = 0. What is the tens digit of y?
3
Let j = -69 + 86. Let p = j - -106. What is the tens digit of p?
2
Let b(d) be the first derivative of -4*d**3/3 + 3*d**2 - 15*d - 24. Let m be b(4). What is the tens digit of 92/((-6)/(-33) - 12/m)?
3
Suppose -10 = 7*u - 12*u. Let r(c) = 2*c + 4 + 4 + 6*c + 40*c**2 - 38*c**u. What is the tens digit of r(-8)?
7
Let d = 200 + -61. Suppose -7 = -l + d. What is the hundreds digit of l?
1
Suppose -3*y = 3*p - 33480, 4*p = 2*y + 7322 + 37294. What is the tens digit of p?
5
Let g(f) = 18*f**2 + 23*f + 17. Let t = 302 - 296. What is the tens digit of g(t)?
0
What is the ten thousands digit of ((-12)/(-9))/4 + 412885/33?
1
What is the units digit of ((1 - (-50)/(-30)) + 965)*39?
9
Let j = -910 - -912. What is the units digit of 178 + j/(-6)*3 + -5?
2
Let s be -2*2 - 0*5/55. What is the tens digit of -46*(-30)/s*(-3 + 2)?
4
Let j(x) = -64*x**3 + 12*x**2 + 97*x + 10. What is the tens digit of j(-8)?
7
Suppose -24*u = -45*u - 8*u + 158688. What is the tens digit of u?
7
Let d(c) be the third derivative of c**6/120 - 7*c**5/15 - 35*c**4/6 - 5*c**3/3 - 3*c**2 - 9. What is the units digit of d(33)?
5
What is the thousands digit of 5407 - ((-11)/(-2) - (-13 - -24)/(-22))?
5
Suppose -57*f = -38*f - 552957. What is the ten thousands digit of f?
2
Let p(z) = -4*z - 1 - z**2 + z + 0 + 8*z**2 - z**3. Let v be p(3). Let o = v - 23. What is the units digit of o?
3
Suppose s = 2*s - 5*n + 5, -5*n = 2*s - 20. Suppose -504 = -3*h - s*k + 775, -h + 4*k = -432. What is the units digit of h?
8
Let d(r) = 2*r**2 + 63*r + 33. Let y be d(-31). What is the units digit of y/((-14)/(-107)) + (-20)/70?
5
Suppose -5*g + 9271 = 2*f, -17*g + 19*g = -2. What is the units digit of f?
8
Let p(h) = 544*h + 1071. What is the thousands digit of p(24)?
4
Suppose -3*m - 17 = 2*a + 1, 0 = -3*m + 5*a + 3. What is the units digit of 0 + 3/m + (-315)/(-36)?
8
Suppose q + 3*k - 7667 = 0, -3*k - 4651 = -q + 2986. What is the tens digit of q?
5
Let u = -862 - 347. What is the units digit of (u/(-1) - 4)*(-4)/(-5)?
4
Suppose 27992 = -36*g + 204176. What is the tens digit of g?
9
Let a = 2424 + 11806. What is the thousands digit of a?
4
Let p be (-20)/35 + 7/(245/27460). Suppose -p = -2*r + 4*x + 916, -r = 3*x - 835. What is the hundreds digit of r?
8
Suppose 18*o - 702 = -9*o. Let s = 229 - o. What is the hundreds digit of s?
2
Let r = -11 + 13. Suppose -2*u + 12 = r*u. What is the units digit of 47 + (4 - u - (-2 - -2))?
8
Let t(z) = 41*z**3 - 1 + 29*z - 30*z - z**2 + 85*z**3. Let u be t(-1). Let g = -14 - u. What is the units digit of g?
3
Let p = -215 - -199. Let c(m) = m**3 + 18*m**2 + 11*m + 26. What is the hundreds digit of c(p)?
3
Suppose 0 = 4*l - 15071 - 16233. What is the thousands digit of l?
7
What is the ten thousands digit of (-120)/(-220) + 6750954/99?
6
Let t = 11291 + 11405. What is the tens digit of t?
9
Let r(b) = -b**2 - 8*b + 19. Let n be r(-9). Suppose c - 6 = n. Let t(h) = h**3 - 18*h**2 + 35*h + 4. What is the units digit of t(c)?
2
Let l = -1735 + 11015. What is the hundreds digit of l?
2
Let h = 440 + -82. Let o be (73 - 57)*(-17 - -1). Let p = o + h. What is the units digit of p?
2
Suppose 3*r - 484 = -271. What is the tens digit of r?
7
Suppose -134306 = -5*p - 11*v, -4*v = -4*p + 9*p - 134369. What is the ten thousands digit of p?
2
Let r = 14812 + -14498. What is the units digit of r?
4
Suppose 33*u - 812 = 29*u. Suppose -2*h + u = 4*t - 731, -2*h = 2*t - 466. Let n = t - 135. What is the tens digit of n?
9
Let m(a) = -8*a**2 + 3*a**2 + 2*a**2 + 10*a + 9 + 4*a**2. Let s be m(-9). Suppose -248 = -2*y - s. What is the units digit of y?
4
Let b = -13300 - -21261. What is the hundreds digit of b?
9
Let g be 5 + ((-2)/4)/(29/290). Suppose g = -17*f + 2071 + 3. What is the tens digit of f?
2
Let i be 19/(-2) + 54/36. Let h(n) = 5*n**2 - 7*n - 76. What is the tens digit of h(i)?
0
Let d = -13781 + 19834. What is th